ue
Does 13 divide 10530?
True
Is 97 a multiple of 13?
False
Is 61110 a multiple of 42?
True
Is 102 a multiple of 2?
True
Is 148 a factor of 20276?
True
Does 13 divide 40306?
False
Is 12 a factor of 386?
False
Is 70 a factor of 17990?
True
Is 16 a factor of 1312?
True
Is 355 a factor of 98051?
False
Is 19 a factor of 7766?
False
Is 751 a multiple of 27?
False
Is 957 a multiple of 33?
True
Does 42 divide 537?
False
Is 11 a factor of 1014?
False
Does 30 divide 1470?
True
Does 16 divide 272?
True
Does 17 divide 1207?
True
Is 7 a factor of 20?
False
Is 63 a factor of 2616?
False
Does 8 divide 1920?
True
Is 13 a factor of 23530?
True
Is 23 a factor of 5727?
True
Is 11242 a multiple of 99?
False
Is 3420 a multiple of 15?
True
Is 1428 a multiple of 4?
True
Does 141 divide 19097?
False
Is 5617 a multiple of 50?
False
Does 26 divide 25864?
False
Does 71 divide 37958?
False
Is 3 a factor of 14?
False
Is 31 a factor of 4755?
False
Does 16 divide 822?
False
Is 546 a multiple of 14?
True
Is 11 a factor of 3311?
True
Does 139 divide 695?
True
Is 48 a factor of 7152?
True
Is 729 a multiple of 9?
True
Is 44 a factor of 602?
False
Is 1750 a multiple of 33?
False
Does 7 divide 1296?
False
Does 3 divide 80?
False
Is 121 a factor of 28435?
True
Is 3 a factor of 555?
True
Is 1258 a multiple of 17?
True
Does 58 divide 15325?
False
Is 3 a factor of 1014?
True
Does 173 divide 9883?
False
Is 68 a multiple of 2?
True
Does 79 divide 1817?
True
Does 151 divide 5862?
False
Is 335 a factor of 52809?
False
Does 16 divide 432?
True
Is 31656 a multiple of 12?
True
Is 6156 a multiple of 38?
True
Is 4389 a multiple of 33?
True
Does 5 divide 120?
True
Does 14 divide 878?
False
Does 4 divide 368?
True
Is 86 a factor of 43305?
False
Is 5 a factor of 5343?
False
Is 2300 a multiple of 50?
True
Does 54 divide 4536?
True
Is 255 a factor of 89854?
False
Does 8 divide 25445?
False
Is 289 a multiple of 78?
False
Is 144138 a multiple of 11?
False
Is 5565 a multiple of 35?
True
Is 41 a factor of 23370?
True
Is 2092 a multiple of 7?
False
Does 7 divide 27?
False
Is 13 a factor of 121?
False
Does 27 divide 416?
False
Is 44073 a multiple of 177?
True
Does 8 divide 5976?
True
Does 4 divide 37647?
False
Does 17 divide 68?
True
Is 19 a factor of 1524?
False
Does 4 divide 327?
False
Is 352 a multiple of 32?
True
Is 1276 a multiple of 4?
True
Is 7 a factor of 735?
True
Is 2240 a multiple of 20?
True
Is 79 even?
False
Is 22792 a multiple of 154?
True
Does 25 divide 208?
False
Does 21 divide 6849?
False
Does 4 divide 64?
True
Is 40 a factor of 1840?
True
Is 100 a multiple of 5?
True
Does 68 divide 4080?
True
Is 123 a factor of 17371?
False
Is 6801 a multiple of 324?
False
Is 96 a factor of 933?
False
Is 11164 a multiple of 74?
False
Is 21 a factor of 1776?
False
Does 325 divide 83061?
False
Is 38 a factor of 196?
False
Does 147 divide 3675?
True
Does 165 divide 16665?
True
Is 16 a factor of 704?
True
Is 37 a factor of 3734?
False
Does 22 divide 924?
True
Is 3006 a multiple of 39?
False
Does 19 divide 25745?
True
Is 210 a multiple of 14?
True
Is 51 a factor of 1173?
True
Is 83 a factor of 4648?
True
Is 926 a multiple of 16?
False
Does 9 divide 4005?
True
Does 23 divide 135?
False
Is 93 a multiple of 3?
True
Is 44 a factor of 76479?
False
Is 23 a factor of 2645?
True
Is 114 a factor of 10944?
True
Does 10 divide 31476?
False
Is 125 a factor of 250?
True
Is 15 a factor of 608?
False
Is 173 a multiple of 7?
False
Does 8 divide 3456?
True
Is 19890 a multiple of 130?
True
Is 4 a factor of 234?
False
Is 36456 a multiple of 147?
True
Is 47 a factor of 27461?
False
Is 2010 a multiple of 6?
True
Does 16 divide 18496?
True
Is 1168 a multiple of 73?
True
Is 56 a factor of 8294?
False
Is 7179 a multiple of 7?
False
Is 49327 a multiple of 10?
False
Does 6 divide 285?
False
Is 109778 a multiple of 51?
False
Is 2880 a multiple of 48?
True
Does 94 divide 6153?
False
Is 7509 a multiple of 52?
False
Is 10128 a multiple of 64?
False
Is 43 a factor of 5024?
False
Is 21904 a multiple of 37?
True
Is 1169 a multiple of 56?
False
Does 10 divide 570?
True
Is 612 a multiple of 36?
True
Is 30 a factor of 3534?
False
Does 5 divide 322?
False
Is 38 a factor of 14934?
True
Does 8 divide 569?
False
Does 16 divide 1723?
False
Does 87 divide 6873?
True
Is 4592 a multiple of 82?
True
Is 61 a factor of 1708?
True
Is 23 a factor of 202469?
True
Is 36 a factor of 60480?
True
Is 32 a factor of 1440?
True
Is 5017 a multiple of 51?
False
Is 51 a factor of 6783?
True
Is 71 a factor of 49629?
True
Is 10 a factor of 7860?
True
Is 6263 a multiple of 105?
False
Does 38 divide 1289?
False
Is 16 a factor of 800?
True
Is 32 a factor of 864?
True
Is 11 a factor of 495?
True
Does 21 divide 748?
False
Is 8 a factor of 15029?
False
Is 27 a factor of 12420?
True
Does 17 divide 2240?
False
Does 14 divide 2949?
False
Is 35 a factor of 17780?
True
Does 40 divide 607?
False
Is 64 a factor of 3136?
True
Is 23 a factor of 261?
False
Does 64 divide 1104?
False
Does 269 divide 14257?
True
Is 40 a factor of 120?
True
Is 3 a factor of 9?
True
Is 21 a factor of 2466?
False
Does 32 divide 361?
False
Does 8 divide 904?
True
Does 25 divide 19194?
False
Is 217 a multiple of 4?
False
Is 123177 a multiple of 34?
False
Does 69 divide 1150?
False
Is 120 a factor of 600?
True
Is 6625 a multiple of 79?
False
Is 59 a factor of 1614?
False
Does 6 divide 1158?
True
Is 95 a factor of 56582?
False
Is 32 a factor of 2784?
True
Does 3 divide 361?
False
Does 6 divide 42726?
True
Is 135 a factor of 11481?
False
Is 267 a multiple of 33?
False
Is 4 a factor of 11?
False
Does 15 divide 2025?
True
Is 25 a factor of 775?
True
Does 37 divide 814?
True
Is 67811 a multiple of 83?
True
Is 173 a multiple of 5?
False
Is 13 a factor of 10111?
False
Is 13 a factor of 7495?
False
Does 20 divide 6200?
True
Does 11 divide 5902?
False
Is 792 a multiple of 4?
True
Is 34688 a multiple of 32?
True
Is 204 a factor of 75197?
False
Does 3 divide 3321?
True
Is 5 a factor of 235?
True
Does 13 divide 208?
True
Is 7 a factor of 448?
True
Does 74 divide 444?
True
Is 69 a multiple of 2?
False
Is 850 a multiple of 25?
True
Is 11 a factor of 2081?
False
Does 6 divide 978?
True
Is 17 a factor of 2788?
True
Is 136 a factor of 2192?
False
Does 14 divide 12138?
True
Does 35 divide 381?
False
Is 744 a multiple of 4?
True
Does 37 divide 35817?
False
Does 24 divide 600?
True
Does 39 divide 1181?
False
Is 70 a factor of 1190?
True
Is 12 a factor of 29019?
False
Does 68 divide 1564?
True
Is 165 a multiple of 4?
False
Is 52960 a multiple of 160?
True
Is 49 a factor of 7920?
False
Is 130 a factor of 85670?
True
Is 5 a multiple of 3?
False
Does 44 divide 3520?
True
Is 26005 a multiple of 40?
False
Is 19043 a multiple of 8?
False
Is 5998 a multiple of 18?
False
Is 10 a factor of 1065?
False
Is 14 a factor of 2674?
True
Is 23 a factor of 2000?
False
Is 1248 a multiple of 16?
True
Is 720 a multiple of 15?
True
Is 944 a multiple of 44?
False
Is 4 a factor of 720?
True
Is 243 a multiple of 27?
True
Does 116 divide 7844?
False
Is 28 a factor of 6314?
False
Is 21 a factor of 12852?
True
Is 125 a factor of 5463?
False
Does 8 divide 544?
True
Is 92799 a multiple of 63?
True
Is 82 a factor of 15118?
False
Is 44 a factor of 1936?
True
Is 18 a factor of 630?
True
Is 4 a factor of 223?
False
Does 21 divide 37256?
False
Is 9 a factor of 2974?
False
Is 8015 a multiple of 7?
True
Does 42 divide 42?
True
Is 3 a factor of 17412?
True
Is 12 a factor of 1116?
True
Is 14640 a multiple of 8?
True
Is 418 a multiple of 22?
True
Is 10 a factor of 1695?
False
Does 23 divide 69?
True
Is 15 a factor of 1035?
True
Does 38 divide 1194?
False
Is 20834 a multiple of 11?
True
Is 136684 a multiple of 39?
False
Is 584 a multiple of 65?
False
Is 1269 a multiple of 26?
False
Is 7823 a multiple of 129?
False
Is 10 a factor of 162?
False
Is 5760 a multiple of 32?
True
Does 79 divide 3167?
False
Is 28 a factor of 3472?
True
Does 117 divide 7865?
False
Is 32028 a multiple of 9?
False
Is 10 a factor of 1542?
False
Is 10 a factor of 2441?
False
Does 10 divide 208?
False
Does 2 divide 3354?
True
Is 54 a multiple of 12?
False
Does 6 divide 93?
False
Is 206 a multiple of 52?
False
Does 91 divide 8372?
True
Is 49819 a multiple of 16?
False
Is 9 a factor of 8613?
Tru